{"id":198,"date":"2020-02-05T19:38:41","date_gmt":"2020-02-05T19:38:41","guid":{"rendered":"https:\/\/clientesinterativa.com.br\/003\/erickpereira\/novo\/?post_type=video&#038;p=198"},"modified":"2020-02-07T13:09:31","modified_gmt":"2020-02-07T13:09:31","slug":"ccj-sabatina-indicacao-para-o-cnj","status":"publish","type":"video","link":"https:\/\/erickpereira.com\/index.php\/video\/ccj-sabatina-indicacao-para-o-cnj\/","title":{"rendered":"CCJ sabatina indica\u00e7\u00e3o para o CNJ"},"content":{"rendered":"\n<p class=\"has-text-align-center\">A Comiss\u00e3o de Constitui\u00e7\u00e3o e Justi\u00e7a sabatinou hoje Emmanuel Campelo, indicado para Conselho Nacional de Justi\u00e7a. O advogado e professor universit\u00e1rio Emmanuel Campelo de Souza tem 31 anos e foi indicado pela C\u00e2mara dos Deputados para ser um dos 15 membros do Conselho Nacional de Justi\u00e7a &#8211; \u00f3rg\u00e3o que realiza o controle externo do Judici\u00e1rio.<\/p>\n\n\n\n<figure class=\"wp-block-embed-youtube aligncenter wp-block-embed is-type-video is-provider-youtube wp-embed-aspect-4-3 wp-has-aspect-ratio\"><div class=\"wp-block-embed__wrapper\">\nhttps:\/\/www.youtube.com\/watch?v=PZA1ft59K8Q&#038;feature=emb_logo\n<\/div><\/figure>\n","protected":false},"featured_media":190,"parent":0,"template":"","class_list":["post-198","video","type-video","status-publish","has-post-thumbnail","hentry"],"acf":[],"yoast_head":"<!-- This site is optimized with the Yoast SEO plugin v27.5 - https:\/\/yoast.com\/product\/yoast-seo-wordpress\/ -->\n<title>CCJ sabatina indica\u00e7\u00e3o para o CNJ - Erick Pereira Advogados<\/title>\n<meta name=\"robots\" content=\"index, follow, max-snippet:-1, max-image-preview:large, max-video-preview:-1\" \/>\n<link rel=\"canonical\" href=\"https:\/\/erickpereira.com\/index.php\/video\/ccj-sabatina-indicacao-para-o-cnj\/\" \/>\n<meta property=\"og:locale\" content=\"pt_BR\" \/>\n<meta property=\"og:type\" content=\"article\" \/>\n<meta property=\"og:title\" content=\"CCJ sabatina indica\u00e7\u00e3o para o CNJ - Erick Pereira Advogados\" \/>\n<meta property=\"og:description\" content=\"A Comiss\u00e3o de Constitui\u00e7\u00e3o e Justi\u00e7a sabatinou hoje Emmanuel Campelo, indicado para Conselho Nacional de Justi\u00e7a. O advogado e professor universit\u00e1rio Emmanuel Campelo de Souza tem 31 anos e foi indicado pela C\u00e2mara dos Deputados para ser um dos 15 membros do Conselho Nacional de Justi\u00e7a &#8211; \u00f3rg\u00e3o que realiza o controle externo do Judici\u00e1rio.\" \/>\n<meta property=\"og:url\" content=\"https:\/\/erickpereira.com\/index.php\/video\/ccj-sabatina-indicacao-para-o-cnj\/\" \/>\n<meta property=\"og:site_name\" content=\"Erick Pereira Advogados\" \/>\n<meta property=\"article:modified_time\" content=\"2020-02-07T13:09:31+00:00\" \/>\n<meta property=\"og:image\" content=\"https:\/\/erickpereira.com\/wp-content\/uploads\/2020\/02\/Videos-1-Erick-Pereira-Advogados.jpg\" \/>\n\t<meta property=\"og:image:width\" content=\"600\" \/>\n\t<meta property=\"og:image:height\" content=\"371\" \/>\n\t<meta property=\"og:image:type\" content=\"image\/jpeg\" \/>\n<meta name=\"twitter:card\" content=\"summary_large_image\" \/>\n<script type=\"application\/ld+json\" class=\"yoast-schema-graph\">{\"@context\":\"https:\\\/\\\/schema.org\",\"@graph\":[{\"@type\":\"WebPage\",\"@id\":\"https:\\\/\\\/erickpereira.com\\\/index.php\\\/video\\\/ccj-sabatina-indicacao-para-o-cnj\\\/\",\"url\":\"https:\\\/\\\/erickpereira.com\\\/index.php\\\/video\\\/ccj-sabatina-indicacao-para-o-cnj\\\/\",\"name\":\"CCJ sabatina indica\u00e7\u00e3o para o CNJ - Erick Pereira Advogados\",\"isPartOf\":{\"@id\":\"https:\\\/\\\/erickpereira.com\\\/#website\"},\"primaryImageOfPage\":{\"@id\":\"https:\\\/\\\/erickpereira.com\\\/index.php\\\/video\\\/ccj-sabatina-indicacao-para-o-cnj\\\/#primaryimage\"},\"image\":{\"@id\":\"https:\\\/\\\/erickpereira.com\\\/index.php\\\/video\\\/ccj-sabatina-indicacao-para-o-cnj\\\/#primaryimage\"},\"thumbnailUrl\":\"https:\\\/\\\/erickpereira.com\\\/wp-content\\\/uploads\\\/2020\\\/02\\\/Videos-1-Erick-Pereira-Advogados.jpg\",\"datePublished\":\"2020-02-05T19:38:41+00:00\",\"dateModified\":\"2020-02-07T13:09:31+00:00\",\"breadcrumb\":{\"@id\":\"https:\\\/\\\/erickpereira.com\\\/index.php\\\/video\\\/ccj-sabatina-indicacao-para-o-cnj\\\/#breadcrumb\"},\"inLanguage\":\"pt-BR\",\"potentialAction\":[{\"@type\":\"ReadAction\",\"target\":[\"https:\\\/\\\/erickpereira.com\\\/index.php\\\/video\\\/ccj-sabatina-indicacao-para-o-cnj\\\/\"]}]},{\"@type\":\"ImageObject\",\"inLanguage\":\"pt-BR\",\"@id\":\"https:\\\/\\\/erickpereira.com\\\/index.php\\\/video\\\/ccj-sabatina-indicacao-para-o-cnj\\\/#primaryimage\",\"url\":\"https:\\\/\\\/erickpereira.com\\\/wp-content\\\/uploads\\\/2020\\\/02\\\/Videos-1-Erick-Pereira-Advogados.jpg\",\"contentUrl\":\"https:\\\/\\\/erickpereira.com\\\/wp-content\\\/uploads\\\/2020\\\/02\\\/Videos-1-Erick-Pereira-Advogados.jpg\",\"width\":600,\"height\":371},{\"@type\":\"BreadcrumbList\",\"@id\":\"https:\\\/\\\/erickpereira.com\\\/index.php\\\/video\\\/ccj-sabatina-indicacao-para-o-cnj\\\/#breadcrumb\",\"itemListElement\":[{\"@type\":\"ListItem\",\"position\":1,\"name\":\"In\u00edcio\",\"item\":\"https:\\\/\\\/erickpereira.com\\\/\"},{\"@type\":\"ListItem\",\"position\":2,\"name\":\"M\u00eddias\",\"item\":\"https:\\\/\\\/erickpereira.com\\\/index.php\\\/video\\\/\"},{\"@type\":\"ListItem\",\"position\":3,\"name\":\"CCJ sabatina indica\u00e7\u00e3o para o CNJ\"}]},{\"@type\":\"WebSite\",\"@id\":\"https:\\\/\\\/erickpereira.com\\\/#website\",\"url\":\"https:\\\/\\\/erickpereira.com\\\/\",\"name\":\"Erick Pereira Advogados\",\"description\":\"Escrit\u00f3rio de Advocacia em Natal, Bras\u00edlia e S\u00e3o Paulo com s\u00f3lida reputa\u00e7\u00e3o em Direito Administrativo, Eleitoral, Penal e Trabalhista.\",\"potentialAction\":[{\"@type\":\"SearchAction\",\"target\":{\"@type\":\"EntryPoint\",\"urlTemplate\":\"https:\\\/\\\/erickpereira.com\\\/?s={search_term_string}\"},\"query-input\":{\"@type\":\"PropertyValueSpecification\",\"valueRequired\":true,\"valueName\":\"search_term_string\"}}],\"inLanguage\":\"pt-BR\"}]}<\/script>\n<!-- \/ Yoast SEO plugin. -->","yoast_head_json":{"title":"CCJ sabatina indica\u00e7\u00e3o para o CNJ - Erick Pereira Advogados","robots":{"index":"index","follow":"follow","max-snippet":"max-snippet:-1","max-image-preview":"max-image-preview:large","max-video-preview":"max-video-preview:-1"},"canonical":"https:\/\/erickpereira.com\/index.php\/video\/ccj-sabatina-indicacao-para-o-cnj\/","og_locale":"pt_BR","og_type":"article","og_title":"CCJ sabatina indica\u00e7\u00e3o para o CNJ - Erick Pereira Advogados","og_description":"A Comiss\u00e3o de Constitui\u00e7\u00e3o e Justi\u00e7a sabatinou hoje Emmanuel Campelo, indicado para Conselho Nacional de Justi\u00e7a. O advogado e professor universit\u00e1rio Emmanuel Campelo de Souza tem 31 anos e foi indicado pela C\u00e2mara dos Deputados para ser um dos 15 membros do Conselho Nacional de Justi\u00e7a &#8211; \u00f3rg\u00e3o que realiza o controle externo do Judici\u00e1rio.","og_url":"https:\/\/erickpereira.com\/index.php\/video\/ccj-sabatina-indicacao-para-o-cnj\/","og_site_name":"Erick Pereira Advogados","article_modified_time":"2020-02-07T13:09:31+00:00","og_image":[{"width":600,"height":371,"url":"https:\/\/erickpereira.com\/wp-content\/uploads\/2020\/02\/Videos-1-Erick-Pereira-Advogados.jpg","type":"image\/jpeg"}],"twitter_card":"summary_large_image","schema":{"@context":"https:\/\/schema.org","@graph":[{"@type":"WebPage","@id":"https:\/\/erickpereira.com\/index.php\/video\/ccj-sabatina-indicacao-para-o-cnj\/","url":"https:\/\/erickpereira.com\/index.php\/video\/ccj-sabatina-indicacao-para-o-cnj\/","name":"CCJ sabatina indica\u00e7\u00e3o para o CNJ - Erick Pereira Advogados","isPartOf":{"@id":"https:\/\/erickpereira.com\/#website"},"primaryImageOfPage":{"@id":"https:\/\/erickpereira.com\/index.php\/video\/ccj-sabatina-indicacao-para-o-cnj\/#primaryimage"},"image":{"@id":"https:\/\/erickpereira.com\/index.php\/video\/ccj-sabatina-indicacao-para-o-cnj\/#primaryimage"},"thumbnailUrl":"https:\/\/erickpereira.com\/wp-content\/uploads\/2020\/02\/Videos-1-Erick-Pereira-Advogados.jpg","datePublished":"2020-02-05T19:38:41+00:00","dateModified":"2020-02-07T13:09:31+00:00","breadcrumb":{"@id":"https:\/\/erickpereira.com\/index.php\/video\/ccj-sabatina-indicacao-para-o-cnj\/#breadcrumb"},"inLanguage":"pt-BR","potentialAction":[{"@type":"ReadAction","target":["https:\/\/erickpereira.com\/index.php\/video\/ccj-sabatina-indicacao-para-o-cnj\/"]}]},{"@type":"ImageObject","inLanguage":"pt-BR","@id":"https:\/\/erickpereira.com\/index.php\/video\/ccj-sabatina-indicacao-para-o-cnj\/#primaryimage","url":"https:\/\/erickpereira.com\/wp-content\/uploads\/2020\/02\/Videos-1-Erick-Pereira-Advogados.jpg","contentUrl":"https:\/\/erickpereira.com\/wp-content\/uploads\/2020\/02\/Videos-1-Erick-Pereira-Advogados.jpg","width":600,"height":371},{"@type":"BreadcrumbList","@id":"https:\/\/erickpereira.com\/index.php\/video\/ccj-sabatina-indicacao-para-o-cnj\/#breadcrumb","itemListElement":[{"@type":"ListItem","position":1,"name":"In\u00edcio","item":"https:\/\/erickpereira.com\/"},{"@type":"ListItem","position":2,"name":"M\u00eddias","item":"https:\/\/erickpereira.com\/index.php\/video\/"},{"@type":"ListItem","position":3,"name":"CCJ sabatina indica\u00e7\u00e3o para o CNJ"}]},{"@type":"WebSite","@id":"https:\/\/erickpereira.com\/#website","url":"https:\/\/erickpereira.com\/","name":"Erick Pereira Advogados","description":"Escrit\u00f3rio de Advocacia em Natal, Bras\u00edlia e S\u00e3o Paulo com s\u00f3lida reputa\u00e7\u00e3o em Direito Administrativo, Eleitoral, Penal e Trabalhista.","potentialAction":[{"@type":"SearchAction","target":{"@type":"EntryPoint","urlTemplate":"https:\/\/erickpereira.com\/?s={search_term_string}"},"query-input":{"@type":"PropertyValueSpecification","valueRequired":true,"valueName":"search_term_string"}}],"inLanguage":"pt-BR"}]}},"_links":{"self":[{"href":"https:\/\/erickpereira.com\/index.php\/wp-json\/wp\/v2\/video\/198","targetHints":{"allow":["GET"]}}],"collection":[{"href":"https:\/\/erickpereira.com\/index.php\/wp-json\/wp\/v2\/video"}],"about":[{"href":"https:\/\/erickpereira.com\/index.php\/wp-json\/wp\/v2\/types\/video"}],"wp:featuredmedia":[{"embeddable":true,"href":"https:\/\/erickpereira.com\/index.php\/wp-json\/wp\/v2\/media\/190"}],"wp:attachment":[{"href":"https:\/\/erickpereira.com\/index.php\/wp-json\/wp\/v2\/media?parent=198"}],"curies":[{"name":"wp","href":"https:\/\/api.w.org\/{rel}","templated":true}]}}

CCJ sabatina indicação para o CNJ

<p class="has-text-align-center">A Comissão de Constituição e Justiça sabatinou hoje Emmanuel Campelo, indicado para Conselho Nacional de Justiça. O advogado e professor universitário Emmanuel Campelo de Souza tem 31 anos e foi indicado pela Câmara dos Deputados para ser um dos 15 membros do Conselho Nacional de Justiça &#8211; órgão que realiza o controle externo do Judiciário.</p>



<figure class="wp-block-embed-youtube aligncenter wp-block-embed is-type-video is-provider-youtube wp-embed-aspect-4-3 wp-has-aspect-ratio"><div class="wp-block-embed__wrapper">
https://www.youtube.com/watch?v=PZA1ft59K8Q&#038;feature=emb_logo
</div></figure>

<!-- This site is optimized with the Yoast SEO plugin v27.5 - https://yoast.com/product/yoast-seo-wordpress/ -->
<title>CCJ sabatina indicação para o CNJ - Erick Pereira Advogados</title>
<meta name="robots" content="index, follow, max-snippet:-1, max-image-preview:large, max-video-preview:-1" />
<link rel="canonical" href="https://erickpereira.com/index.php/video/ccj-sabatina-indicacao-para-o-cnj/" />
<meta property="og:locale" content="pt_BR" />
<meta property="og:type" content="article" />
<meta property="og:title" content="CCJ sabatina indicação para o CNJ - Erick Pereira Advogados" />
<meta property="og:description" content="A Comissão de Constituição e Justiça sabatinou hoje Emmanuel Campelo, indicado para Conselho Nacional de Justiça. O advogado e professor universitário Emmanuel Campelo de Souza tem 31 anos e foi indicado pela Câmara dos Deputados para ser um dos 15 membros do Conselho Nacional de Justiça &#8211; órgão que realiza o controle externo do Judiciário." />
<meta property="og:url" content="https://erickpereira.com/index.php/video/ccj-sabatina-indicacao-para-o-cnj/" />
<meta property="og:site_name" content="Erick Pereira Advogados" />
<meta property="article:modified_time" content="2020-02-07T13:09:31+00:00" />
<meta property="og:image" content="https://erickpereira.com/wp-content/uploads/2020/02/Videos-1-Erick-Pereira-Advogados.jpg" />
	<meta property="og:image:width" content="600" />
	<meta property="og:image:height" content="371" />
	<meta property="og:image:type" content="image/jpeg" />
<meta name="twitter:card" content="summary_large_image" />
<script type="application/ld+json" class="yoast-schema-graph">{"@context":"https:\/\/schema.org","@graph":[{"@type":"WebPage","@id":"https:\/\/erickpereira.com\/index.php\/video\/ccj-sabatina-indicacao-para-o-cnj\/","url":"https:\/\/erickpereira.com\/index.php\/video\/ccj-sabatina-indicacao-para-o-cnj\/","name":"CCJ sabatina indicação para o CNJ - Erick Pereira Advogados","isPartOf":{"@id":"https:\/\/erickpereira.com\/#website"},"primaryImageOfPage":{"@id":"https:\/\/erickpereira.com\/index.php\/video\/ccj-sabatina-indicacao-para-o-cnj\/#primaryimage"},"image":{"@id":"https:\/\/erickpereira.com\/index.php\/video\/ccj-sabatina-indicacao-para-o-cnj\/#primaryimage"},"thumbnailUrl":"https:\/\/erickpereira.com\/wp-content\/uploads\/2020\/02\/Videos-1-Erick-Pereira-Advogados.jpg","datePublished":"2020-02-05T19:38:41+00:00","dateModified":"2020-02-07T13:09:31+00:00","breadcrumb":{"@id":"https:\/\/erickpereira.com\/index.php\/video\/ccj-sabatina-indicacao-para-o-cnj\/#breadcrumb"},"inLanguage":"pt-BR","potentialAction":[{"@type":"ReadAction","target":["https:\/\/erickpereira.com\/index.php\/video\/ccj-sabatina-indicacao-para-o-cnj\/"]}]},{"@type":"ImageObject","inLanguage":"pt-BR","@id":"https:\/\/erickpereira.com\/index.php\/video\/ccj-sabatina-indicacao-para-o-cnj\/#primaryimage","url":"https:\/\/erickpereira.com\/wp-content\/uploads\/2020\/02\/Videos-1-Erick-Pereira-Advogados.jpg","contentUrl":"https:\/\/erickpereira.com\/wp-content\/uploads\/2020\/02\/Videos-1-Erick-Pereira-Advogados.jpg","width":600,"height":371},{"@type":"BreadcrumbList","@id":"https:\/\/erickpereira.com\/index.php\/video\/ccj-sabatina-indicacao-para-o-cnj\/#breadcrumb","itemListElement":[{"@type":"ListItem","position":1,"name":"Início","item":"https:\/\/erickpereira.com\/"},{"@type":"ListItem","position":2,"name":"Mídias","item":"https:\/\/erickpereira.com\/index.php\/video\/"},{"@type":"ListItem","position":3,"name":"CCJ sabatina indicação para o CNJ"}]},{"@type":"WebSite","@id":"https:\/\/erickpereira.com\/#website","url":"https:\/\/erickpereira.com\/","name":"Erick Pereira Advogados","description":"Escritório de Advocacia em Natal, Brasília e São Paulo com sólida reputação em Direito Administrativo, Eleitoral, Penal e Trabalhista.","potentialAction":[{"@type":"SearchAction","target":{"@type":"EntryPoint","urlTemplate":"https:\/\/erickpereira.com\/?s={search_term_string}"},"query-input":{"@type":"PropertyValueSpecification","valueRequired":true,"valueName":"search_term_string"}}],"inLanguage":"pt-BR"}]}</script>
<!-- / Yoast SEO plugin. -->

CCJ sabatina indicação para o CNJ - Erick Pereira Advogados

A Comissão de Constituição e Justiça sabatinou hoje Emmanuel Campelo, indicado para Conselho Nacional de Justiça. O advogado e professor universitário Emmanuel Campelo de Souza tem 31 anos e foi indicado pela Câmara dos Deputados para ser um dos 15 membros do Conselho Nacional de Justiça &#8211; órgão que realiza o controle externo do Judiciário.

Início

Mídias

Escritório de Advocacia em Natal, Brasília e São Paulo com sólida reputação em Direito Administrativo, Eleitoral, Penal e Trabalhista.
